 -120012331 - 3?
-120012334
In base 6, what is 12 - -3053410?
3053422
In base 13, what is -204 - -33763?
3355c
In base 10, what is 6 + -30884249?
-30884243
In base 2, what is 1010000010100010 - 100100?
1010000001111110
In base 10, what is -39953 + -4819?
-44772
In base 16, what is 11 - -3e64d?
3e65e
In base 2, what is -11111 + -1110001000100101101?
-1110001000101001100
In base 15, what is -a9e - -875a?
7bab
In base 6, what is -455034014220 - 2?
-455034014222
In base 11, what is 142027 + 295?
142311
In base 16, what is -1 + -1ab47d?
-1ab47e
In base 16, what is -441e553f - -2?
-441e553d
In base 10, what is 57 + 45965?
46022
In base 15, what is 18d16d - b0?
18d0ad
In base 13, what is 106 - 409683?
-40957a
In base 10, what is -1 - 8792423?
-8792424
In base 4, what is 11000303033203 - 11?
11000303033132
In base 10, what is -3810 - 1220?
-5030
In base 13, what is 120c - -2506?
3715
In base 13, what is 0 + -364924?
-364924
In base 15, what is 664981 + 6?
664987
In base 3, what is 10011 + 201221211010?
201221221021
In base 8, what is 401 - 204000?
-203377
In base 8, what is -3425010 - 106?
-3425116
In base 12, what is 18 + -1447675?
-1447659
In base 11, what is 7 + 2687508?
2687514
In base 14, what is 2abc - 186?
2936
In base 15, what is -70 - -5792b?
578ab
In base 13, what is 1b890 + 745b?
2601b
In base 4, what is -102313 + 2022113?
1313200
In base 12, what is 17 + -8b7426?
-8b740b
In base 5, what is 400022 + -11432?
333040
In base 8, what is 41515610 + 12?
41515622
In base 8, what is -473344421 + 0?
-473344421
In base 4, what is 3 - 21212121222?
-21212121213
In base 6, what is 112 - 1241144?
-1241032
In base 2, what is 1111011 - 1000110110110011001111?
-1000110110110001010100
In base 8, what is -2 - -32465056?
32465054
In base 13, what is -25 + -756a0?
-756c5
In base 12, what is 3029379b + -2?
30293799
In base 12, what is 465 - 21a?
247
In base 3, what is -11201112021010 + 2?
-11201112021001
In base 16, what is -17 - -13ac7a2?
13ac78b
In base 6, what is -4 - 53122044?
-53122052
In base 2, what is -110110 - 100000110000100011010?
-100000110000101010000
In base 7, what is -4504562 + 5?
-4504554
In base 2, what is -1000100011111001111 - 10100?
-1000100011111100011
In base 13, what is -21530 - -1b3?
-2134a
In base 8, what is -12410 - 333264?
-345674
In base 4, what is -222301221 - 22211?
-222330032
In base 3, what is 22020221020 + -12200?
22020201120
In base 12, what is 761251 - 8?
761245
In base 2, what is -10000001100011010010000100 + 0?
-10000001100011010010000100
In base 4, what is 2 - 33103233031?
-33103233023
In base 6, what is 10410 + 21400?
32210
In base 5, what is 10 + -24012321214?
-24012321204
In base 5, what is 3122 + 1131000?
1134122
In base 12, what is -451 + 48a37?
485a6
In base 12, what is 4034 + 65b7?
a62b
In base 14, what is 5 + -113782b0?
-113782a9
In base 15, what is -3892 + -1ab5?
-5457
In base 12, what is -3218230 - -2a?
-3218202
In base 4, what is -123202 + -22130?
-211332
In base 2, what is 1001100101111000 + -10100111?
1001100011010001
In base 14, what is 1283 + -2503?
-1260
In base 10, what is 6666121 + -1?
6666120
In base 13, what is 0 - 7a8322c?
-7a8322c
In base 13, what is -1197 - 5a4c?
-6c16
In base 5, what is 4341002333 + 1?
4341002334
In base 14, what is 3 - -176c11a?
176c11d
In base 7, what is 21016025 + -413?
21015312
In base 5, what is 10000030112 + 10?
10000030122
In base 16, what is -23d91 - -1c7?
-23bca
In base 3, what is -1 - 121000220222200101?
-121000220222200102
In base 15, what is -6e04 + -11d9?
-80dd
In base 14, what is b + -3a2d34c?
-3a2d341
In base 5, what is 22140034 - 313?
22134221
In base 5, what is 34141 - 334401?
-300210
In base 4, what is 320013 - -30113?
1010132
In base 3, what is 1121021111122201 + 1?
1121021111122202
In base 14, what is 5b3040 + -4?
5b303a
In base 2, what is 110000000000010 - -10001100?
110000010001110
In base 9, what is -3 - 2124125?
-2124128
In base 3, what is 2002220 + -20021221101?
-20012211111
In base 14, what is -5 - 2a484a22?
-2a484a27
In base 5, what is -1323421 - -341?
-1323030
In base 14, what is 2cbb47 + -48?
2cbadd
In base 12, what is -3 - 6059a9?
-6059b0
In base 9, what is 46177 - 1184?
44883
In base 4, what is -30320 + -111333222?
-112030202
In base 9, what is -631040 - 1108?
-632148
In base 6, what is -30305330 + 1144?
-30304142
In base 5, what is -2103300040 - 1?
-2103300041
In base 3, what is -1 + -100020211020201?
-100020211020202
In base 11, what is -242308a + 5?
-2423085
In base 6, what is 2 + -2153234000?
-2153233554
In base 2, what is -100010010100001 + -110011011?
-100011000111100
In base 10, what is 21 + 6274220?
6274241
In base 8, what is -3 + 12405122?
12405117
In base 13, what is 31b71 + 62?
31c03
In base 14, what is 2c - ca626?
-ca5d8
In base 2, what is -111111101101001010010001 + -1?
-111111101101001010010010
In base 13, what is 5 - -3914045?
391404a
In base 13, what is -2 - -64b119?
64b117
In base 7, what is 1264653022 - 2?
1264653020
In base 2, what is -101 + 1110001100000011110100010?
1110001100000011110011101
In base 15, what is -3905b7 - -d?
-3905a9
In base 8, what is 4 - 6117230?
-6117224
In base 8, what is 507053 + -1030?
506023
In base 14, what is 101 + 374d?
3850
In base 9, what is 356 - -220345?
220712
In base 15, what is -b + 1c6526?
1c651a
In base 14, what is 135b93 + -9?
135b88
In base 6, what is -5440505341 + 4?
-5440505333
In base 6, what is -3 - 304340101?
-304340104
In base 2, what is 11000010001010001 + 11111110111001?
11100010000001010
In base 2, what is 1100110 + -10101110001010111?
-10101101111110001
In base 5, what is -2024322 - 133130?
-2213002
In base 8, what is 21541526 + -71?
21541435
In base 16, what is -b3 + -e2ac3?
-e2b76
In base 11, what is -a9a72a5 + 2?
-a9a72a3
In base 16, what is 24d160d + 2?
24d160f
In base 4, what is -323220220213 - 2?
-323220220221
In base 3, what is 121210022 - -2010102?
200220201
In base 7, what is -3 - -40043154?
40043151
In base 4, what is -33 - -2001221131?
2001221032
In base 14, what is 2b12a - -20?
2b14a
In base 12, what is -1239248 - 7?
-1239253
In base 7, what is -11 + -42206545?
-42206556
In base 16, what is -e6e - db8?
-1c26
In base 10, what is -1683 + 34437?
32754
In base 11, what is 106410 + 0?
106410
In base 8, what is 622 + 4232250?
4233072
In base 16, what is 58 - -125fb?
12653
In base 9, what is 2763732 - 68?
2763653
In base 14, what is 59bd0 + -2b?
59ba3
In base 16, what is -6853e3 + -6a?
-68544d
In base 15, what is -7009 + 246?
-6cb3
In base 15, what is 578 - -57e4?
5d6c
In base 8, what is -2422523 + -4?
-2422527
In base 6, what is 2 + -125432321?
-125432315
In base 8, what is 30 + 125622646?
125622676
In base 7, what is -3252345 + 35?
-3252310
In base 13, what is 2a4b103 - 1?
2a4b102
In base 10, what is 77599020 - -1?
77599021
In base 5, what is 41202 - 4203233?
-4112031
In base 6, what is 12423 - 11550414?
-11533551
In base 15, what is -58b8 - -88?
-5830
In base 4, what is -20230322213223 - -3?
-20230322213220
In base 2, what is 10110011011111 - -1010000010101010?
1100110110001001
In base 10, what is 51 + -664114?
-664063
In base 3, what is 1202122 + 12202?
1222101
In base 13, what is 333a + 64b3?
9820
In base 11, what is 2101 - -4a874?
51975
In base 11, what is 100a + 840?
184a
In base 12, what is -8600 + -94?
-8694
In base 4, what is -101 - -10130101321?
10130101220
In base 11, what is 159a - 2525?
-a36
In base 4, what is -113103213312 - 1?
-113103213313
In base 3, what is -202000101200 - -112?
-202000101011
In base 12, what is -1775a5 - -1b32?
-175673
In base 9, what is -264 + 1843328?
1843054
In base 9, what is -186 + 2243?
2046
In base 11, what is 873 - 11914?
-11051
In base 15, what is 168b - 2251?
-ab5
In base 16, what is 5a73c4 + -5?
5a73bf
In base 13, what is 40c + 60c6b?
6137a
In base 11, what is -10 - 124997?
-1249a7
In base 14, what is 266bd78 - 2?
266bd76
In base 16, what is 77 - f6?
-7f
In base 11, what is -12155478 - 17?
-12155494
In base 6, what is 101 - 431251324?
-431251223
In base 5, what is -12433343 - 11300?
-13000143
In base 7, what is 62 + 1051046?
1051141
In base 3, what is -20 - 1210010210012102?
-1210010210012122
In base 9, what is 400 + -445306?
-444806
In base 9, what is 222513 - 126?
222376
In base 3, what is 120001010011 - -11?
120001010022
In bas